o - 4. Calculate l(u).
-1
Let t(m) be the third derivative of 1/60*m**5 + 53*m**2 + 0*m + 2 - m**3 + 1/24*m**4. Calculate t(0).
-6
Suppose 0 = 3*j + 2*x - 7*x - 31, 0 = 4*j - x - 13. Let k(g) = 2*g - g**3 + 3 + 3*g**j + 2 - 2. Let d(p) = -654*p - 2618. Let h be d(-4). Determine k(h).
19
Let h(r) = -r**3 - 6*r**2 - r - 6. Let g be h(-6). Suppose 0 = 7*l + 33 - 40. Let u(j) = g*j - 3 - 6 + l + j. Determine u(6).
-2
Let b(g) = 8*g - g**3 + 2*g**3 - 1 + 9*g**2 + 13. Suppose -35*s - 37 = -36*s. Suppose -s*j + 41*j = -32. What is b(j)?
12
Suppose -5*i - 22*x - 14 = -24*x, 2*x = 4*i + 12. Let o(z) be the second derivative of z**3/6 + 3*z**2 - 70*z. Give o(i).
4
Let j(n) be the first derivative of 7*n**2/2 + 126*n + 11418. Calculate j(-20).
-14
Let f(r) = -363 + 1073 + 6*r - 379 - 380. Determine f(6).
-13
Let z(t) be the third derivative of t**4/3 + 2*t**3 - 1628*t**2. Give z(4).
44
Suppose -12*v + 42*v - 870 = 0. Let d be (1/(-2))/(v/(-232)). Let m(o) = -2*o**2 + 4*o + 1. Let f(z) = -z. Let k(p) = f(p) - m(p). What is k(d)?
11
Let u(v) = v - 34. Suppose -5*x - 2*i + 10 - 32 = 0, -3*x = -4*i + 34. What is u(x)?
-40
Let q(j) = -5*j**3 + 8*j**2 + 2*j + 5. Let n(b) = 2*b**3 - 2 - 7*b + 15*b**2 - 2*b**2 + 6*b - 11*b**2 - 5*b**2. Let k(s) = -8*n(s) - 3*q(s). Determine k(3).
-20
Suppose -5*z = d - 79, 2*d - 3*z - 158 = -4*z. Suppose -d = 37*y - 227. Let v(b) = -b**2 + 4*b - 6. Give v(y).
-6
Let f(j) = j - 6. Let g be f(2). Let k be (0 - g/(-16))*4. Let c(h) = -h**2 + h - 1. Let o(l) = 2*l**3 + l**2 - l. Let a(w) = c(w) + o(w). Give a(k).
-3
Suppose 2*v = -4*i + 55 - 211, -5*i = 3*v + 196. Let o(n) = n**2 + 37*n - 36. Let p be o(i). Let t(h) = 10*h - 3. Determine t(p).
17
Suppose 369*d + 18 = 1756 - 262. Let o(s) = 12*s - 14. Give o(d).
34
Suppose p + 0*u - 13 = -2*u, u - 3 = 0. Let s(x) = -6407*x**2 - 10*x + 1. Let j(y) = -2957*y**2 - 5*y + 1. Let g(k) = 13*j(k) - 6*s(k). Calculate g(p).
21
Let c(s) = 4 - 3 + 5*s**2 - 2*s + 5*s**2. Let a(d) = d**2 + 47*d - 48. Let q be a(-46). Let y be (-4 - q/18) + 4/(-18). Calculate c(y).
9
Let p be (108/36)/(1 - 0). Let c(q) = 2*q**3 + q**2 + q + 1. Let s(o) = -18*o**3 - 2*o**2 - 2*o - 3. Let t(a) = p*c(a) + s(a). Let m = -1 + 0. Calculate t(m).
12
Suppose 0 = k - 1 - 0. Let o(m) = -17*m + 2. Let a be 300/(-80)*12/9. Let b(z) = 9*z - 1. Let c(p) = a*b(p) - 2*o(p). What is c(k)?
-10
Let b(w) = -2*w**3 - 71*w**2 + w + 43. Let x be b(0). Let m(c) = 7*c - 310. What is m(x)?
-9
Let z(c) = -2*c - 10. Let f be 1/2*(13 - 16)*24/4. Determine z(f).
8
Let s(i) = -60*i + 1018. Let d = -29405 - -29422. Give s(d).
-2
Let n(d) = -7*d**3 + 15*d**2 - 6*d + 13. Let b(x) = x**3 - x**2 - x - 3. Let u(z) = -6*b(z) - n(z). What is u(7)?
-9
Let h(x) = -399907 + 19*x + 18*x - 2*x**2 + 399926. What is h(19)?
0
Let j = 11 - 15. Let h(o) be the second derivative of o**7/2520 + o**6/144 - 13*o**4/12 + 3*o. Let x(i) be the third derivative of h(i). Give x(j).
-4
Let g(w) = 2*w**2 - 25*w - 65. Let q(a) = 12*a**2 - 149*a - 404. Let b(d) = -13*g(d) + 2*q(d). Calculate b(16).
-43
Let a(y) = y**2 - 6*y + 5. Let q be a(6). Let v be (15/1*-1)/(153/(-1326)). Let b(n) = 19 - 63*n + v*n - 70*n - 12. Determine b(q).
-8
Let y = -5 + 7. Let o(i) = i**y - 2*i**2 - 4*i**2. Let h(l) = -2*l**2 - 29*l - 91. Let z be h(-10). What is o(z)?
-5
Suppose -66 = -s - 61, -3*a + s + 19 = 0. Suppose 4*n - 13 = -9*t + a*t, 0 = 3*t - 4*n + 41. Let o(l) = -l**2 - 7*l + 1. Calculate o(t).
1
Let g(a) = 2*a - 3774 + 3776 - 7*a**2 - 3*a - a**3 - 5*a. Suppose -2*q - 16 = 4*j, 0 = -2*q - q + 3*j - 15. Determine g(q).
2
Let i(g) = g**3 + 2*g**2 + 3. Suppose 3*o - u + 364 = 0, -3*u = 2*u + 25. Let d = o + 73. Let c = 47 + d. Determine i(c).
-6
Suppose 500 = -248*w + 198*w. Let c(d) = d**2 + 16*d + 11. Determine c(w).
-49
Let y(b) be the third derivative of -b**6/120 - b**5/12 + 11*b**4/24 + 10*b**3/3 - 7134*b**2. Calculate y(-5).
-35
Let p(g) = -3*g - 82. Let b be 5/(-10)*(4 + -4). Give p(b).
-82
Let d(y) = -y**2 + 3 + 2 + 2*y - 3. Let x(h) = h**2 + 16*h - 3*h + 5*h + 17 + 59. Let f be x(-12). Calculate d(f).
-6
Suppose -10*x - 7 + 27 = 0. Let w be ((5 + x)/(-7))/(1/4). Let l(v) = v**3 + 3*v**2 - 2. What is l(w)?
-18
Let x(b) = 4*b + 2. Let s be x(0). Let p be (-8)/16 + 9/s + -2. Let o(d) = d**3 + 1 + d - 911*d**2 + 911*d**p. Give o(0).
1
Let g(m) = 2*m + 19. Let h(x) = -x - 18. Let l be (-4)/(-7)*1/(4/14). Suppose -4*d + l*o - 12 = -6*d, 4*d = 4*o. Let r(w) = d*h(w) + 2*g(w). Determine r(9).
-7
Let x(n) = -n**3 - 26*n**2 + n - 200. Let o(t) = 3*t**2 + 18. Let d(r) = -9*o(r) - x(r). Suppose 2*g + 2*b + 3*b = 10, g = -b + 2. Give d(g).
38
Let j(x) = -11622 + 11621 - 2*x + 0*x + 3*x. Let v(l) = -l**3 - 9*l**2. Let y be v(-9). Determine j(y).
-1
Let f be ((5/(-25))/((-120)/(-3300)))/(2/(-4)). Let j(d) = 5*d**2 + 16*d + 3. Let t(h) = h**2 + h. Let k(o) = j(o) - 6*t(o). What is k(f)?
-8
Let j(t) = t**2 - 4*t - 3. Suppose 2*d - 2*b = 0, 4*d - 8 = -d - 3*b. Let i be 65/(-26) - 6/(-4). Let p be d*(2 - i) - -2. What is j(p)?
2
Let k be (5/4 + -2)*(-16)/3. Let q(r) = -2*r + 1. Let f(g) = 5*g - 2. Let h(t) = k*q(t) + f(t). Give h(1).
-1
Suppose 3*t + 8 = 20. Let r(s) = 152 - 305 - s**2 + 151 + 3*s. Let p(x) = 2*x**2 - 7*x + 4. Let g(c) = -3*p(c) - 5*r(c). Give g(t).
6
Suppose 0 = -4*p + 13*p + 270. Let m = p + 34. Suppose -3*s + 8 = -m. Let z(n) = 4*n - 6. Calculate z(s).
10
Suppose 81*b = 82*b + 2*v, -4*b + v + 9 = 0. Let a(w) = -w**2 + 5*w - 2. Give a(b).
4
Let y(g) be the second derivative of -10 - 1/3*g**4 - 1/20*g**5 - 8*g + 1/3*g**3 + g**2. Calculate y(-4).
-6
Let g(z) = -z**3 - 703*z**2 - 3*z + 701*z**2 + 49 - 58. Give g(-3).
9
Let i(x) be the second derivative of -x**5/20 + 35*x**4/12 + 37*x**3/3 + x**2 - 141*x + 8. What is i(37)?
2
Let a(v) = -53*v**3 - v**2 + v + 1. Let j = 4374 + -4375. What is a(j)?
52
Let t(f) be the first derivative of -f**4/2 + 6*f**3 - 3*f**2/2 - 7*f - 5260. Determine t(9).
-34
Let u(z) = z**3 - z**2 + 2*z - 3. Suppose 4*g - 4*b - 564 = 0, -2*g + 4*b = -77 - 197. Let c = 147 - g. Determine u(c).
5
Let t(s) be the third derivative of -s**4/8 + 17*s**3/6 - 13*s**2 - 62*s. Determine t(0).
17
Let y(z) = 56*z + 88*z + 79*z + 967 - 187*z. What is y(-27)?
-5
Let h(t) be the second derivative of -t**5/60 + 11*t**4/12 + 29*t**3/6 + t**2 - 13*t. Let i(z) be the second derivative of h(z). Determine i(15).
-8
Let y(h) = -42 - 6*h - 8 - 72 + 21. Give y(-16).
-5
Let x(k) = 2*k + 22. Let l(y) = 9*y + 66. Let s(t) = -t. Let q(m) = -l(m) - 6*s(m). Let v be q(-19). Give x(v).
4
Let i(m) = 33*m - 110. Let b(n) = -16*n + 56. Let d(s) = -11*b(s) - 5*i(s). Determine d(5).
-11
Let m(p) be the first derivative of 1/3*p**3 + 17 - p - 3*p**2. Give m(7).
6
Let y(t) be the third derivative of 0*t + 2/3*t**3 + 0*t**4 - 1/120*t**6 + 1/30*t**5 + 14*t**2 + 0. Calculate y(0).
4
Let g(w) = -w**2 - 2*w + 1. Let y(q) = -4*q**3 + 8*q**2 + 14*q - 5. Let r(o) = 5*g(o) + y(o). Let a be r(-1). Let t(c) = c - 4. Calculate t(a).
-1
Let g(a) be the third derivative of a**5/60 - a**4/24 + 13*a**3/6 + 6*a**2 - 17. Determine g(0).
13
Let a = -23/14 + 283/168. Let f(d) be the third derivative of 12*d**2 + a*d**4 + 0*d - 1/3*d**3 + 0. What is f(-4)?
-6
Let v(m) be the first derivative of -m**4/2 + 5*m**3/3 - 3*m**2/2 + 2*m + 147. Suppose -4*a + 0*a + 4 = 0. Let b be ((2 - a) + 0)*3. What is v(b)?
-16
Suppose -37 - 29 = -2*j - 2*d, 5*j - 4*d = 174. Suppose b - 38 = -j. Let g(r) = -8*r + 3. Calculate g(b).
-29
Let x(p) = 4*p**3 + 2*p**2 + p - 2. Let s be x(1). Suppose -s*o + o - 4*y + 36 = 0, 3*y - 23 = -2*o. Let n(a) = -a**3 + 5*a**2 - 2*a - 3. Give n(o).
5
Let b(r) = -4 - r**2 + 6*r**2 - 14*r + 3*r**2 - 6*r**2 - r**2. What is b(6)?
-52
Suppose -20 = -5*q - 0*q. Suppose -q*f + 16 = -2*v + 2, 4*f - v = 15. Let g(p) = p**3 - 4*p**2 + p + 3. Give g(f).
7
Let s(p) = p - 2*p**3 + p - 3 - p**3 + 4. Let v(d) = -d**3 - 45*d**2 + 44*d - 2351. Let u be v(-47). Give s(u).
2
Let g(a) = -12*a**3 + 6 + 11*a**3 - 4*a**2 + 0 + 2*a. Let f be ((-55)/(-220))/((-2)/16)*2. What is g(f)?
-2
Let k(h) = -17*h**3 + 17*h**2 + 11*h - 69. Let z(m) = 48*m**3 - 50*m**2 - 33*m + 206. Let l(p) = 17*k(p) + 6*z(p). What is l(-9)?
0
Let u(i) = i. Let k(m) = m**3 + 2*m**2 + 6*m - 4. Let a(d) = k(d) - 4*u(d). Let n(z) = 5*z. Let p be n(-13). Let 